culate the remainder when 8/((-7)/4340*-164 + (-1)/5) is divided by 57.
10
Calculate the remainder when (-80)/8 + 31 + 906 is divided by 100.
27
Let m(d) = -4*d**2 + 5*d**2 - 2*d**2 - 8*d + 4 - 5*d. Let i(r) = -2*r - 13. Let n be i(0). What is the remainder when 4 is divided by m(n)?
0
Let k(b) = -b**3 + 4*b**2 - 5*b + 10. Let z be k(3). Calculate the remainder when 92 is divided by (z/10)/(5 + 298/(-60)).
8
Suppose 16*w + 162 = 194. Suppose 3*s - 39 = 2*k, -w*s = 44*k - 49*k - 26. Calculate the remainder when 232 is divided by s.
11
Let c = -6165 + 6484. Calculate the remainder when c is divided by 49.
25
Suppose -3*z + 4391 = j, -5*j + 1462 = z - 3*j. What is the remainder when z is divided by 163?
160
Suppose -1891 - 43259 = -602*b. Calculate the remainder when 2634 is divided by b.
9
Let p = 1132 + -1116. What is the remainder when 924 is divided by p?
12
Let l(v) = -v**2 - 10*v - 20. Let d be l(-4). Calculate the remainder when 22/3*(-66)/(-88)*d is divided by 9.
4
Let t = 55390 - 55221. Suppose -3*z + 110 = 4*s, -2*z + 56 + 18 = 3*s. Calculate the remainder when t is divided by z.
33
Let j = 30 + 203. Suppose -7*x + 618 = j. What is the remainder when x is divided by (-2)/5 + 42/5?
7
Suppose -184 = -2*w - 1238. Suppose -m + 300 = -2*m. Let x = m - w. What is the remainder when x is divided by 19?
18
What is the remainder when (4 + -2667 - -2)*46/(-138) is divided by 89?
86
Suppose 1325 = 5*q - 733*z + 728*z, 0 = z + 4. Calculate the remainder when q is divided by 249.
12
Let u(k) = 2*k - 12. Let t be u(7). Suppose -t*v + 5*v = 4*f - 147, -5*f + 3*v + 180 = 0. Let b = f + -2. What is the remainder when b is divided by 8?
7
Suppose l - 6 = d, -42 = 3*l - 54. What is the remainder when 6/((-6)/d)*(29 - 4) is divided by 6?
2
Suppose f = 26 + 22. Let y = 59 - f. Let t = y - -8. What is the remainder when 75 is divided by t?
18
Let w be (42/56)/((-6)/16). Let a(q) = q**3 - q**2 - 2*q - 4. What is the remainder when a(3) is divided by (-2)/w + (7 - (5 + 0))?
2
Suppose 3*y + 2*y = -2*l + 1238, y = 0. Suppose l*b + 395 = 624*b. Let d = 0 - -20. What is the remainder when b is divided by d?
19
Let r(i) = -i**3 - 15*i**2 - 16*i - 20. Let x be r(-14). Suppose -4*f - 83 = -x*f + u, 3*u + 60 = 3*f. Calculate the remainder when f is divided by 3.
0
Calculate the remainder when 747 is divided by -45 + 1120/14 + 5/((-2)/(-2)).
27
Let q = -4906 - -4950. What is the remainder when 522 is divided by q?
38
Let w(m) = 20*m + 33. Let r be w(-7). Let x = 123 + r. What is the remainder when x is divided by 6?
4
Let u be 1/(-1) - 4/2 - -163. Suppose -260 - u = -7*j. Suppose 2*h + j = 5*h. What is the remainder when 57 is divided by h?
17
Let d = -19 - -46. Let n = 11558 + -11487. What is the remainder when n is divided by d?
17
Suppose -13*h - 15*h - 1176 = 0. Calculate the remainder when 134 is divided by (-560)/120*h/4.
36
Suppose u - 8 = -c + 3*u, 5*c - 40 = u. Suppose -2*v = a + 2, a - c = v - 2*a. Calculate the remainder when 43 is divided by (29 + -5)/((-3)/v).
11
Let f = 50 - -28. Let b = f - 71. Calculate the remainder when 130 is divided by b.
4
Let p(h) = -9*h**3 - 305*h**2 + 29*h + 15. What is the remainder when 727 is divided by p(-34)?
172
Let u = -9214 + 9281. Suppose 4*o = 86 - 18. Calculate the remainder when u is divided by o.
16
Suppose 3*c = -2*l + 7, 2*l - c - 2 - 1 = 0. What is the remainder when 8 is divided by l/(-6)*(-15 - 6)?
1
Let p(y) = 4*y - 43. Let t be 12 - -2 - (5 - 28/7). Let i be p(t). Let g(n) = -n**3 + 11*n**2 - 7*n + 11. Calculate the remainder when g(i) is divided by 38.
34
Suppose -3*b = -5*b - 8. Suppose 0 = -4*z + 5*k + 141, 206*z + 739 = 260*z + k. What is the remainder when 180/7 + b/(-14) is divided by z?
12
Let w = -293 + 293. What is the remainder when -4 + (-1 - (w - 6)) + 248 is divided by (-8)/3*54/(-4)?
33
Suppose -6*m + 6 + 1236 = 0. What is the remainder when ((-24)/(-8) - 7) + m is divided by 41?
39
Calculate the remainder when (-8)/(-20) - (-553)/5 is divided by (-2 - 28 - -35)*(-76)/(-10).
35
Let q be (253 - 7)/6 - -2. Suppose -w + 5*w + 25 = h, -4*h - 3*w + q = 0. What is the remainder when h is divided by 8?
5
Suppose -4*c - 17*c = -84. Suppose c*t - r = 136, -3*t + 34 = -2*t - 4*r. What is the remainder when 67 is divided by t?
33
Let r(b) = b**3 + 3*b - 11. Let k(p) = 12*p - 9. Let w be k(1). What is the remainder when 41 is divided by r(w)?
16
Let v = 98 - 100. Calculate the remainder when 31 is divided by (v - 7/(-5))*-15.
4
Let i(j) = -4*j - 19. Let k be -78 - (31/7 + (-3)/7). Let r = k + 72. Calculate the remainder when 36 is divided by i(r).
15
Suppose -21*p - 22*p = -387. Calculate the remainder when 2041 is divided by p.
7
Suppose -5*r = -3 - 7. Let s(j) = j - r*j + 10 + 2*j. Calculate the remainder when 17 is divided by s(-6).
1
Let p(f) = -16*f**3 + f**2 + 5*f + 2. Let g be p(-2). Suppose -129*w - 5280 = -g*w. What is the remainder when 35 is divided by w/(-60) + (24/15)/4?
17
Let b(v) = 4*v - 3. Let g be b(6). Calculate the remainder when 75 is divided by -5 + 0 + 5 + (g - -1).
9
Let z = 25 - 22. Suppose -4*n = 3*v - z*n - 9, 4*v - 12 = n. Suppose -5*d = -4*x - 199, 3*d + v*x = -0*x + 114. What is the remainder when 75 is divided by d?
36
Suppose -12493*v + 12505*v - 2100 = 0. What is the remainder when 514 is divided by v?
164
Let p be ((-34)/(-8))/(8/32). Suppose 0 = 22*m - p*m - 150. Let h = 6 - -2. What is the remainder when m is divided by h?
6
Suppose -2*h - 109 = -x, 0 = 2*x + 189*h - 192*h - 222. What is the remainder when 566 is divided by x?
98
Suppose 7*o + 245 = 210. Let v(c) = -c**3 - 5*c**2 + 4*c + 34. What is the remainder when 22 is divided by v(o)?
8
Let g(a) = 10*a**2 - 86*a - 75. What is the remainder when g(11) is divided by 48?
45
Let t(s) = 2*s + 10. Let o be t(12). Suppose 37*v - o*v - 102 = 0. Calculate the remainder when v is divided by 16.
2
Let d = 12092 + -11134. What is the remainder when 2875 is divided by d?
1
Let t = 18 + 158. Let s be (-552)/(-11) - 32/t. Suppose -s = -4*l - l. What is the remainder when l is divided by 9?
1
Let r(g) = -g**3 - 45*g**2 + 96*g + 157. What is the remainder when 3968 is divided by r(-47)?
62
Let o(y) = 5*y + 23. Let j be o(-6). What is the remainder when 1 - -140 - (j - -8) is divided by 55?
30
What is the remainder when 1098 is divided by ((-461440)/60)/(-28) - (-8)/(-3)?
10
Suppose -12*n + 7*n + 48 = 19*n. Suppose 2*j + 52 = 4*j. Calculate the remainder when j is divided by n.
0
Let g = 174553 + -174450. Let u = 425 + -298. Suppose -v + 34 = -2*a + 3, u = 5*v + 4*a. Calculate the remainder when g is divided by v.
22
Suppose -74 = -3*f - 4*t, 5*t = 3*f - 4*f + 21. Calculate the remainder when 143 is divided by f.
13
Let b(n) = -n**2 - 8*n - 6. Suppose 1110 + 1266 = -6*g. Let v = g + 436. What is the remainder when v is divided by b(-5)?
4
Suppose 18 = 3*x - 4*s + 2*s, -4*x + 13 = s. Suppose -y = -6*y - 10, 0 = x*v + 3*y - 10. Suppose 40 = -8*q + 152. What is the remainder when q is divided by v?
2
Let a = -17248 - -17820. What is the remainder when a is divided by 302?
270
Let p(d) = 23*d + 1111. Calculate the remainder when 68 is divided by p(-46).
15
Let c = 9061 + -8030. What is the remainder when c is divided by 12?
11
Suppose -145*d + 13406 + 6948 = 779. Calculate the remainder when d is divided by 42.
9
Let k(o) = o**3 - 16*o**2 + 60*o + 24. What is the remainder when 352 is divided by k(12)?
16
Suppose 3*g - 5*f + 36 = 7*g, -3*f + 12 = 0. Suppose -2*u = -5*k + 684, 0 = g*k - 6*u + 10*u - 564. What is the remainder when k is divided by 20?
18
Suppose 77*b + 878 = 99*b - 618. Calculate the remainder when 169 is divided by b.
33
Let d = 47 - 45. Let b = 0 + d. What is the remainder when 10/(-5) - 5/b*-18 is divided by 16?
11
Let k = -1435 - -1507. What is the remainder when 421 is divided by k?
61
Calculate the remainder when (9 + -5)*(7/4 - 0) is divided by -1 + 12/3 - 8/(-4).
2
Suppose -619*y + 99465 = -6486 - 38895. What is the remainder when y is divided by 116?
2
Suppose 0 = 13*o - 14*o + 2. Suppose b = -o, 7*b + 240 = 2*t + 9*b. What is the remainder when t is divided by 31?
29
Let u = 380 - 383. Calculate the remainder when 27 is divided by u*(-12)/(-9) - -29.
2
Let c = 74 - -11. What is the remainder when c is divide